{"id":5,"date":"2015-03-25T18:55:20","date_gmt":"2015-03-25T17:55:20","guid":{"rendered":"http:\/\/54551166.swh.strato-hosting.eu\/?page_id=5"},"modified":"2016-02-12T17:48:58","modified_gmt":"2016-02-12T16:48:58","slug":"leistungen","status":"publish","type":"page","link":"https:\/\/fliesen-nietzelt.de\/?page_id=5","title":{"rendered":"Leistungen"},"content":{"rendered":"<h1>Unsere Leistungen f\u00fcr Sie im \u00dcberblick<\/h1>\n<ul>\n<li><strong><em>S\u00e4mtliche Verlegearbeiten mit Fliesen, Platten, Mosaik und Naturstein<\/em><\/strong><\/li>\n<li><strong><em>Beratung beim Flieseneinkauf und Auswahl<\/em><\/strong><\/li>\n<li><strong><em>Komplettsanierung von Dusche, Bad, K\u00fcche, WC<\/em><\/strong><\/li>\n<li><em><strong>Gro\u00dfformate bis 3m x 3,50m<\/strong><\/em><\/li>\n<li><strong><em>Fliesen im Wohnbereich, Flur, Treppenhaus, Kellerr\u00e4ume, Garage<\/em><\/strong><\/li>\n<li><strong><em>Belegen von Treppenstufen im Innen- und Au\u00dfenbereich<\/em><\/strong><\/li>\n<li><strong><em>Fliesen am Haussockel<\/em><\/strong><\/li>\n<li><strong><em>Balkon- und Terrassensanierung<\/em><\/strong><\/li>\n<li><strong><em>Ausbesserungsarbeiten und Reparaturservice, Behebung von Versicherungssch\u00e4den<\/em><\/strong><\/li>\n<\/ul>\n<p>&nbsp;<\/p>\n<p><strong>\u00a0Komplettb\u00e4der<\/strong><br \/>\nDurch die enge Zusammenarbeit mit anderen Fachfirmen k\u00f6nnen wir Ihnen\u00a0zuverl\u00e4ssige Partnerfirmen empfehlen:<\/p>\n<ul>\n<li><em><strong>Sanit\u00e4rinstallation<\/strong><\/em><\/li>\n<li><em><strong>Elektroinstallation<\/strong><\/em><\/li>\n<li><em><strong>Maurer- und Putzer<\/strong><\/em><\/li>\n<li><em><strong>Estrichleger<\/strong><\/em><\/li>\n<li><em><strong>Trockenbauer<\/strong><\/em><\/li>\n<li><em><strong>Maler- und Tapezierer<\/strong><\/em><\/li>\n<li><em><strong>Beratung und Planung<\/strong><\/em><\/li>\n<\/ul>\n<p><img loading=\"lazy\" decoding=\"async\" class=\"alignnone size-full wp-image-461\" src=\"https:\/\/fliesen-nietzelt.de\/wp-content\/uploads\/2015\/03\/bild1.png\" alt=\"bild1\" width=\"618\" height=\"474\" srcset=\"https:\/\/fliesen-nietzelt.de\/wp-content\/uploads\/2015\/03\/bild1.png 618w, https:\/\/fliesen-nietzelt.de\/wp-content\/uploads\/2015\/03\/bild1-300x230.png 300w, https:\/\/fliesen-nietzelt.de\/wp-content\/uploads\/2015\/03\/bild1-391x300.png 391w\" sizes=\"auto, (max-width: 618px) 100vw, 618px\" \/><\/p>\n","protected":false},"excerpt":{"rendered":"<p>Unsere Leistungen f\u00fcr Sie im \u00dcberblick S\u00e4mtliche Verlegearbeiten mit Fliesen, Platten, Mosaik und Naturstein Beratung beim Flieseneinkauf und Auswahl Komplettsanierung von Dusche, Bad, K\u00fcche, WC Gro\u00dfformate bis 3m x 3,50m Fliesen im Wohnbereich, Flur, Treppenhaus, Kellerr\u00e4ume, Garage Belegen von Treppenstufen &hellip; <a href=\"https:\/\/fliesen-nietzelt.de\/?page_id=5\">Weiterlesen <span class=\"meta-nav\">&rarr;<\/span><\/a><\/p>\n","protected":false},"author":1,"featured_media":0,"parent":0,"menu_order":0,"comment_status":"closed","ping_status":"closed","template":"sidebar-page.php","meta":{"footnotes":""},"class_list":["post-5","page","type-page","status-publish","hentry"],"_links":{"self":[{"href":"https:\/\/fliesen-nietzelt.de\/index.php?rest_route=\/wp\/v2\/pages\/5","targetHints":{"allow":["GET"]}}],"collection":[{"href":"https:\/\/fliesen-nietzelt.de\/index.php?rest_route=\/wp\/v2\/pages"}],"about":[{"href":"https:\/\/fliesen-nietzelt.de\/index.php?rest_route=\/wp\/v2\/types\/page"}],"author":[{"embeddable":true,"href":"https:\/\/fliesen-nietzelt.de\/index.php?rest_route=\/wp\/v2\/users\/1"}],"replies":[{"embeddable":true,"href":"https:\/\/fliesen-nietzelt.de\/index.php?rest_route=%2Fwp%2Fv2%2Fcomments&post=5"}],"version-history":[{"count":7,"href":"https:\/\/fliesen-nietzelt.de\/index.php?rest_route=\/wp\/v2\/pages\/5\/revisions"}],"predecessor-version":[{"id":442,"href":"https:\/\/fliesen-nietzelt.de\/index.php?rest_route=\/wp\/v2\/pages\/5\/revisions\/442"}],"wp:attachment":[{"href":"https:\/\/fliesen-nietzelt.de\/index.php?rest_route=%2Fwp%2Fv2%2Fmedia&parent=5"}],"curies":[{"name":"wp","href":"https:\/\/api.w.org\/{rel}","templated":true}]}}